st common factor of 11 and 869.
11
Calculate the highest common divisor of 254 and 2.
2
Calculate the greatest common factor of 98 and 18914.
98
What is the highest common factor of 23 and 2599?
23
Calculate the highest common divisor of 32 and 692.
4
What is the highest common factor of 4995 and 18?
9
What is the greatest common factor of 65 and 3445?
65
What is the highest common divisor of 65 and 13?
13
What is the greatest common divisor of 731 and 1118?
43
Calculate the greatest common divisor of 4040 and 110.
10
What is the highest common factor of 2535 and 15?
15
What is the highest common divisor of 135 and 2130?
15
Calculate the highest common divisor of 15 and 15.
15
Calculate the greatest common divisor of 203 and 4060.
203
What is the greatest common factor of 18705 and 129?
129
What is the greatest common factor of 48 and 192?
48
What is the highest common divisor of 143 and 99?
11
Calculate the greatest common factor of 42 and 144.
6
What is the highest common factor of 161 and 49?
7
Calculate the highest common factor of 1859 and 286.
143
Calculate the greatest common divisor of 384 and 78.
6
Calculate the greatest common divisor of 1113 and 689.
53
Calculate the highest common factor of 35 and 203.
7
Calculate the greatest common divisor of 1331 and 11.
11
Calculate the greatest common divisor of 165 and 110.
55
Calculate the highest common factor of 7 and 154.
7
Calculate the highest common divisor of 1099 and 28.
7
Calculate the highest common divisor of 630 and 40.
10
Calculate the greatest common divisor of 384 and 624.
48
Calculate the greatest common divisor of 131 and 54889.
131
What is the greatest common divisor of 48 and 1416?
24
What is the highest common divisor of 40 and 3095?
5
Calculate the highest common divisor of 140 and 21.
7
Calculate the highest common factor of 72 and 184.
8
What is the greatest common factor of 7208 and 272?
136
What is the highest common divisor of 6 and 6146?
2
What is the highest common divisor of 742 and 182?
14
What is the greatest common factor of 88 and 33?
11
Calculate the highest common factor of 39 and 156.
39
Calculate the highest common factor of 38 and 8.
2
What is the greatest common factor of 209 and 3059?
19
Calculate the greatest common divisor of 1492 and 6.
2
Calculate the greatest common factor of 2546 and 402.
134
What is the highest common factor of 2 and 253?
1
What is the highest common factor of 112 and 728?
56
Calculate the highest common divisor of 306 and 738.
18
Calculate the greatest common factor of 76 and 988.
76
Calculate the greatest common factor of 42060 and 120.
60
Calculate the greatest common divisor of 1936 and 396.
44
Calculate the greatest common factor of 14 and 2310.
14
Calculate the greatest common factor of 1008 and 432.
144
Calculate the highest common factor of 33 and 319.
11
Calculate the greatest common divisor of 30835 and 35.
35
Calculate the highest common divisor of 17 and 4063.
17
What is the highest common factor of 30 and 405?
15
What is the greatest common divisor of 49 and 2842?
49
Calculate the highest common factor of 14 and 770.
14
What is the highest common factor of 63 and 4977?
63
Calculate the highest common divisor of 165 and 99.
33
What is the greatest common divisor of 20 and 80?
20
What is the highest common factor of 36 and 48?
12
Calculate the greatest common factor of 6 and 267.
3
Calculate the greatest common factor of 22 and 2629.
11
What is the highest common factor of 216 and 16?
8
What is the greatest common factor of 77 and 70?
7
Calculate the highest common divisor of 75 and 275.
25
What is the highest common divisor of 184 and 23?
23
What is the highest common factor of 8 and 1632?
8
Calculate the highest common factor of 70 and 175.
35
What is the greatest common divisor of 2212 and 28?
28
What is the greatest common divisor of 4 and 1?
1
Calculate the greatest common divisor of 759 and 27071.
253
What is the greatest common factor of 22 and 1694?
22
Calculate the highest common factor of 4445 and 127.
127
What is the greatest common factor of 88 and 264?
88
Calculate the highest common divisor of 18 and 4272.
6
What is the greatest common divisor of 420 and 2037?
21
What is the greatest common factor of 39 and 3?
3
Calculate the greatest common divisor of 964 and 48682.
482
Calculate the greatest common divisor of 16218 and 424.
106
Calculate the greatest common divisor of 402 and 48.
6
Calculate the greatest common divisor of 565 and 1243.
113
Calculate the greatest common divisor of 495 and 1467.
9
What is the highest common divisor of 1224 and 272?
136
Calculate the highest common factor of 24 and 372.
12
Calculate the highest common factor of 24 and 24216.
24
What is the highest common divisor of 303 and 30?
3
Calculate the greatest common factor of 22 and 5786.
22
Calculate the highest common factor of 360 and 72.
72
Calculate the highest common factor of 38 and 7391.
19
What is the highest common factor of 5750 and 805?
115
What is the highest common factor of 858 and 156?
78
Calculate the highest common divisor of 5494 and 536.
134
Calculate the greatest common divisor of 135 and 675.
135
What is the highest common divisor of 372 and 16?
4
Calculate the highest common factor of 41 and 164.
41
What is the greatest common divisor of 17948 and 112?
28
What is the greatest common divisor of 374 and 34?
34
What is the highest common divisor of 63 and 1974?
21
Calculate the greatest common factor of 114 and 437.
19
What is the greatest common factor of 6 and 6?
6
What is the greatest common divisor of 943 and 205?
41
Calculate the greatest common factor of 3 and 53.
1
Calculate the highest common divisor of 99 and 18.
9
What is the greatest common divisor of 41 and 369?
41
Calculate the greatest common divisor of 44 and 143.
11
What is the highest common factor of 15403 and 73?
73
Calculate the highest common factor of 36 and 1818.
18
Calculate the greatest common factor of 1729 and 1456.
91
What is the greatest common factor of 297 and 231?
33
What is the highest common factor of 24 and 9?
3
Calculate the highest common divisor of 2119 and 26.
13
What is the highest common divisor of 874 and 38?
38
Calculate the highest common divisor of 14 and 154.
14
What is the greatest common divisor of 72 and 36?
36
What is the highest common factor of 55 and 605?
55
What is the greatest common divisor of 70 and 20?
10
Calculate the greatest common factor of 3 and 10059.
3
What is the highest common factor of 33 and 781?
11
Calculate the greatest common divisor of 253 and 11.
11
What is the highest common factor of 3300 and 200?
100
What is the greatest common divisor of 115 and 23?
23
Calculate the highest common factor of 90 and 1935.
45
What is the highest common factor of 262 and 30523?
131
Calculate the highest common factor of 324 and 192.
12
What is the highest common divisor of 1548 and 36?
36
Calculate the greatest common factor of 21 and 336.
21
Calculate the greatest common divisor of 130 and 180.
10
What is the highest common divisor of 9944 and 55?
11
Calculate the highest common divisor of 451 and 41.
41
What is the highest common factor of 190 and 10?
10
Calculate the highest common factor of 36 and 1332.
36
What is the greatest common divisor of 286 and 44?
22
What is the greatest common factor of 2106 and 26?
26
Calculate the greatest common divisor of 20 and 580.
20
What is the highest common factor of 776 and 8?
8
What is the greatest common divisor of 7932 and 12?
12
What is the highest common divisor of 85 and 900?
5
Calculate the highest common divisor of 22 and 198.
22
Calculate the greatest common divisor of 54 and 450.
18
What is the greatest common factor of 3 and 309?
3
Calculate the highest common factor of 18832 and 1584.
176
Calculate the greatest common factor of 130 and 5930.
10
Calculate the greatest common factor of 203 and 14.
7
Calculate the highest common factor of 23 and 575.
23
What is the greatest common divisor of 793 and 183?
61
What is the highest common factor of 12 and 462?
6
Calculate the highest common factor of 357 and 476.
119
What is the greatest common factor of 13268 and 124?
124
What is the highest common factor of 51 and 34?
17
What is the highest common fact